{"id":880,"date":"2018-10-01T19:47:49","date_gmt":"2018-10-01T18:47:49","guid":{"rendered":"http:\/\/pepavanicek.eu\/?page_id=880"},"modified":"2024-07-29T10:13:39","modified_gmt":"2024-07-29T09:13:39","slug":"o-mne","status":"publish","type":"page","link":"http:\/\/pepavanicek.eu\/?page_id=880","title":{"rendered":"O mn\u011b"},"content":{"rendered":"<p>Narodil jsem se v \u00fanoru 1982. S man\u017eelkou a dv\u011bma d\u011btmi \u017eiju <a href=\"http:\/\/pepavanicek.eu\/wp-content\/uploads\/2019\/04\/Image2.png\"><img loading=\"lazy\" decoding=\"async\" class=\"size-medium wp-image-1010 alignright\" src=\"http:\/\/pepavanicek.eu\/wp-content\/uploads\/2019\/04\/Image2-218x300.png\" alt=\"\" width=\"218\" height=\"300\" srcset=\"http:\/\/pepavanicek.eu\/wp-content\/uploads\/2019\/04\/Image2-218x300.png 218w, http:\/\/pepavanicek.eu\/wp-content\/uploads\/2019\/04\/Image2.png 320w\" sizes=\"(max-width: 218px) 100vw, 218px\" \/><\/a>v rodn\u00e9m Liberci.<\/p>\n<p>Pracuju jako farmaceut, podobn\u011b, jako optimalizace farmakoterapie v KNL, m\u011b napl\u0148uje um\u011bleck\u00e1 \u010dinnost. Tvo\u0159il jsem odmala \u2013 st\u0159\u00edh\u00e1n\u00ed, lepen\u00ed, kreslen\u00ed, malov\u00e1n\u00ed, vy\u0159ez\u00e1v\u00e1n\u00ed. Kv\u016fli \u0161kole tyhle kon\u00ed\u010dky musely j\u00edt stranou, ale nedlouho p\u0159ed svatbou jsem od sv\u00e9 \u017eeny dostal mal\u00ed\u0159sk\u00fd stojan. To pro m\u011b bylo snad jak\u00fdmsi z\u00e1vazkem a po dokon\u010den\u00ed studi\u00ed jsem se ke kreslen\u00ed a malov\u00e1n\u00ed vr\u00e1til. Od t\u00e9 doby m\u00e1m po\u0159\u00e1d puzen\u00ed n\u011bco zaj\u00edmav\u00e9ho tvo\u0159it, a tak se sna\u017e\u00edm uspo\u0159\u00e1dat si \u017eivot tak, abych na to m\u011bl st\u00e1le v\u00edce \u010dasu a prostoru.<\/p>\n<p>M\u00fdm c\u00edlem je um\u011bt v\u011brn\u011b a s lehkost\u00ed zachytit cokoli, co se nach\u00e1z\u00ed v m\u00e9m okol\u00ed. Nejrad\u011bji k tomu pou\u017e\u00edv\u00e1m pastelky nebo malbu akvarelem. N\u00e1m\u011bty \u010derp\u00e1m p\u0159i toulk\u00e1ch p\u0159\u00edrodou, nejrad\u011bji vyr\u00e1\u017e\u00edm do Jizersk\u00fdch hor. R\u00e1d sleduju, jak ro\u010dn\u00ed obdob\u00ed m\u011bn\u00ed stromy, lesy i sk\u00e1ly. Ale nevyh\u00fdb\u00e1m se ani architektu\u0159e \u2013 kresl\u00edm kostely nebo hrady a z\u00e1mky, ale nepohrdnu ani panel\u00e1ky u n\u00e1s na s\u00eddli\u0161ti. A r\u00e1d se d\u00edv\u00e1m na Je\u0161t\u011bd \u2013 ta \u0161pi\u010dka tam fakt sedne!<\/p>\n<p>Cht\u011bl bych, aby moje d\u00edlka byla jednoduch\u00e1, lehk\u00e1 a p\u0159ehledn\u00e1. P\u0159esto \u010dasto sklouznu k p\u0159\u00edli\u0161n\u00e9mu detailismu. A tak moje obr\u00e1zky tvo\u0159\u00ed plno l\u00edste\u010dk\u016f, v\u011btvi\u010dek a ok\u00fdnek, d\u00e1 se \u0159\u00edct, \u017ee je to pro n\u011b zat\u00edm celkem charakteristick\u00e9. Na zjednodu\u0161ov\u00e1n\u00ed se pracuje!<\/p>\n<p>V lednu 2008\u00a0jsem na poprv\u00e9 jsem pou\u017eil zna\u010dku:<a href=\"http:\/\/pepavanicek.eu\/wp-content\/uploads\/2019\/04\/Image1.png\"><img loading=\"lazy\" decoding=\"async\" class=\"wp-image-1018 aligncenter\" src=\"http:\/\/pepavanicek.eu\/wp-content\/uploads\/2019\/04\/Image1-300x300.png\" alt=\"\" width=\"63\" height=\"63\" srcset=\"http:\/\/pepavanicek.eu\/wp-content\/uploads\/2019\/04\/Image1-300x300.png 300w, http:\/\/pepavanicek.eu\/wp-content\/uploads\/2019\/04\/Image1-150x150.png 150w, http:\/\/pepavanicek.eu\/wp-content\/uploads\/2019\/04\/Image1.png 512w\" sizes=\"(max-width: 63px) 100vw, 63px\" \/><\/a>Od t\u00e9 doby j\u00ed ozna\u010duju svoje obrazy a dostala se i do n\u00e1zvu m\u00e9ho <a href=\"http:\/\/pepavanicek.eu\/atelier\/\">ateli\u00e9ru<\/a>. P je zkratkou za Pepa, troj\u00faheln\u00edk symbolizuje za\u010d\u00e1tek m\u00e9ho p\u0159\u00edmen\u00ed.<\/p>\n<p>Moje d\u00edla jste mohli tak\u00e9 vid\u011bt na t\u011bchto v\u00fdstav\u00e1ch:<\/p>\n<p><strong>Samostatn\u00e9 v\u00fdstavy<\/strong><br \/>\n3.\u201323.3.2009 &#8211; Barvy (Colors), VKH Brno<br \/>\n27.\u201328. 5. 2016 &#8211; Prodejn\u00ed v\u00fdstava obraz\u016f Pepy Van\u00ed\u010dka, Kulturn\u00ed d\u016fm Na Rybn\u00ed\u010dku 43,Opava<br \/>\n10.11.\u20135.12.2019 &#8211; V\u00fdstava obraz\u016f z Bretan\u011b, Ateli\u00e9r PV, Liberec<br \/>\n6.\u201329.10.2020 &#8211; V\u00fdstava malovan\u00fdch map a obraz\u016f z plen\u00e9ru v \u010cesk\u00e9m st\u0159edoho\u0159\u00ed, Krajsk\u00e1 v\u011bdeck\u00e1 knihovna, Liberec<br \/>\n15.5.2021\u20131.10.2021 &#8211; V\u00fdstava akvarel\u016f z Jizersk\u00fdch hor, Muzeum Jizersk\u00fdch hor, Jizerka, Galerie Montana<br \/>\n13.11.2021 &#8211; V\u00fdstava obraz\u016f z plen\u00e9ru v Ploukonic\u00edch, Ateli\u00e9r PV, Liberec<br \/>\n10.6.2021\u201312.6.2022 \u2013 V\u00fdstava tisk\u016f \u201eStraky\u201c, S\u00e1l pod Kapl\u00ed Vzk\u0159\u00ed\u0161en\u00ed, Vratislavice<br \/>\n12.11.2022 &#8211; V\u00fdstava obr\u00e1zk\u016f z \u010cesk\u00e9ho st\u0159edoho\u0159\u00ed, Ateli\u00e9r PV, Liberec<\/p>\n<p><strong>Spole\u010dn\u00e9 v\u00fdstavy<\/strong><br \/>\n25.5.2013 &#8211; 15 Sloup\u016f, Ateli\u00e9r F66, Str\u00e1\u017e nad Nisou<br \/>\n27.9.2014 &#8211; 15 Sloup\u016f, Ateli\u00e9r F66, Str\u00e1\u017e nad Nisou<br \/>\n10.10.2015 &#8211; 15 Sloup\u016f, Ateli\u00e9r F66, Str\u00e1\u017e nad Nisou<br \/>\n8.10.2016 &#8211; 15 Sloup\u016f, Ateli\u00e9r F66, Str\u00e1\u017e nad Nisou<br \/>\n4.\u201330.1.2017 \u2013 Skupina \u201eDeset\u201c, v\u00fdstavn\u00ed s\u00ed\u0148 vestibulu K\u00da Liberec<br \/>\n3.7.\u201330.8.2019 \u2013 V\u00fdstava plen\u00e9ru, V\u00fdstavn\u00ed s\u00ed\u0148 U Kostela a Galerie Pod V\u011b\u017e\u00ed, B\u00edlina<br \/>\n5.10.2019 &#8211; To bude zase V\u00fdstava, Argonaut, Liberec<br \/>\n8.11.\u201311.12.2019 &#8211; Breta\u0148 II, ART caf\u00e9, Galerie L\u00e1zn\u011b, Liberec<br \/>\n1.\u20139.11.2019 &#8211; p\u0159edauk\u010dn\u00ed v\u00fdstava Nadace Euronisa, Galerie L\u00e1zn\u011b, Liberec<br \/>\n21.11.2020 &#8211; aukce Nadace\u00a0Euronisa, Galerie L\u00e1zn\u011b, Liberec<br \/>\n11.\u201318.11.2021 \u2013 p\u0159edauk\u010dn\u00ed v\u00fdstava Nadace Euronisa, Galerie L\u00e1zn\u011b, Liberec<br \/>\n10.\u201317.11.2022 &#8211; p\u0159edauk\u010dn\u00ed v\u00fdstava Nadace Euronisa, Galerie L\u00e1zn\u011b, Liberec<br \/>\n30.6.\u201328.8.2022 \u2013 V\u00fdstava plen\u00e9ru, Galerie Pod V\u011b\u017e\u00ed, B\u00edlina<br \/>\n10.\u201317.11.2023 &#8211; p\u0159edauk\u010dn\u00ed v\u00fdstava Nadace Euronisa, Galerie L\u00e1zn\u011b, Liberec<br \/>\n8.1.2024 &#8211; V\u00fdstava Dialog, Imprese Libereck\u00e9ho kraje, K\u00da Liberec<br \/>\n2.\u20134.6.2023 &#8211; V\u00fdstava obr\u00e1zk\u016f z plen\u00e9ru na Ruj\u00e1n\u011b<br \/>\n7.6.\u20133.7.2024 &#8211; V\u00fdstava obr\u00e1zk\u016f z plen\u00e9ru u R\u00fdna<\/p>\n<p style=\"text-align: right;\">PharmDr. Pepa Van\u00ed\u010dek<\/p>\n","protected":false},"excerpt":{"rendered":"<p>Narodil jsem se v \u00fanoru 1982. S man\u017eelkou a dv\u011bma d\u011btmi \u017eiju v rodn\u00e9m Liberci. Pracuju jako farmaceut, podobn\u011b, jako optimalizace farmakoterapie v KNL, m\u011b napl\u0148uje um\u011bleck\u00e1 \u010dinnost. Tvo\u0159il jsem odmala \u2013 st\u0159\u00edh\u00e1n\u00ed, lepen\u00ed, kreslen\u00ed, malov\u00e1n\u00ed, vy\u0159ez\u00e1v\u00e1n\u00ed. Kv\u016fli \u0161kole tyhle kon\u00ed\u010dky musely j\u00edt stranou, ale nedlouho p\u0159ed svatbou jsem od sv\u00e9 \u017eeny dostal mal\u00ed\u0159sk\u00fd stojan. [&hellip;]<\/p>\n","protected":false},"author":1,"featured_media":0,"parent":0,"menu_order":0,"comment_status":"closed","ping_status":"closed","template":"","meta":{"footnotes":""},"aioseo_notices":[],"_links":{"self":[{"href":"http:\/\/pepavanicek.eu\/index.php?rest_route=\/wp\/v2\/pages\/880"}],"collection":[{"href":"http:\/\/pepavanicek.eu\/index.php?rest_route=\/wp\/v2\/pages"}],"about":[{"href":"http:\/\/pepavanicek.eu\/index.php?rest_route=\/wp\/v2\/types\/page"}],"author":[{"embeddable":true,"href":"http:\/\/pepavanicek.eu\/index.php?rest_route=\/wp\/v2\/users\/1"}],"replies":[{"embeddable":true,"href":"http:\/\/pepavanicek.eu\/index.php?rest_route=%2Fwp%2Fv2%2Fcomments&post=880"}],"version-history":[{"count":1,"href":"http:\/\/pepavanicek.eu\/index.php?rest_route=\/wp\/v2\/pages\/880\/revisions"}],"predecessor-version":[{"id":2445,"href":"http:\/\/pepavanicek.eu\/index.php?rest_route=\/wp\/v2\/pages\/880\/revisions\/2445"}],"wp:attachment":[{"href":"http:\/\/pepavanicek.eu\/index.php?rest_route=%2Fwp%2Fv2%2Fmedia&parent=880"}],"curies":[{"name":"wp","href":"https:\/\/api.w.org\/{rel}","templated":true}]}}

O mně

<p>Narodil jsem se v únoru 1982. S manželkou a dvěma dětmi žiju <a href="http://pepavanicek.eu/wp-content/uploads/2019/04/Image2.png"><img loading="lazy" decoding="async" class="size-medium wp-image-1010 alignright" src="http://pepavanicek.eu/wp-content/uploads/2019/04/Image2-218x300.png" alt="" width="218" height="300" srcset="http://pepavanicek.eu/wp-content/uploads/2019/04/Image2-218x300.png 218w, http://pepavanicek.eu/wp-content/uploads/2019/04/Image2.png 320w" sizes="(max-width: 218px) 100vw, 218px" /></a>v rodném Liberci.</p>
<p>Pracuju jako farmaceut, podobně, jako optimalizace farmakoterapie v KNL, mě naplňuje umělecká činnost. Tvořil jsem odmala – stříhání, lepení, kreslení, malování, vyřezávání. Kvůli škole tyhle koníčky musely jít stranou, ale nedlouho před svatbou jsem od své ženy dostal malířský stojan. To pro mě bylo snad jakýmsi závazkem a po dokončení studií jsem se ke kreslení a malování vrátil. Od té doby mám pořád puzení něco zajímavého tvořit, a tak se snažím uspořádat si život tak, abych na to měl stále více času a prostoru.</p>
<p>Mým cílem je umět věrně a s lehkostí zachytit cokoli, co se nachází v mém okolí. Nejraději k tomu používám pastelky nebo malbu akvarelem. Náměty čerpám při toulkách přírodou, nejraději vyrážím do Jizerských hor. Rád sleduju, jak roční období mění stromy, lesy i skály. Ale nevyhýbám se ani architektuře – kreslím kostely nebo hrady a zámky, ale nepohrdnu ani paneláky u nás na sídlišti. A rád se dívám na Ještěd – ta špička tam fakt sedne!</p>
<p>Chtěl bych, aby moje dílka byla jednoduchá, lehká a přehledná. Přesto často sklouznu k přílišnému detailismu. A tak moje obrázky tvoří plno lístečků, větviček a okýnek, dá se říct, že je to pro ně zatím celkem charakteristické. Na zjednodušování se pracuje!</p>
<p>V lednu 2008 jsem na poprvé jsem použil značku:<a href="http://pepavanicek.eu/wp-content/uploads/2019/04/Image1.png"><img loading="lazy" decoding="async" class="wp-image-1018 aligncenter" src="http://pepavanicek.eu/wp-content/uploads/2019/04/Image1-300x300.png" alt="" width="63" height="63" srcset="http://pepavanicek.eu/wp-content/uploads/2019/04/Image1-300x300.png 300w, http://pepavanicek.eu/wp-content/uploads/2019/04/Image1-150x150.png 150w, http://pepavanicek.eu/wp-content/uploads/2019/04/Image1.png 512w" sizes="(max-width: 63px) 100vw, 63px" /></a>Od té doby jí označuju svoje obrazy a dostala se i do názvu mého <a href="http://pepavanicek.eu/atelier/">ateliéru</a>. P je zkratkou za Pepa, trojúhelník symbolizuje začátek mého přímení.</p>
<p>Moje díla jste mohli také vidět na těchto výstavách:</p>
<p><strong>Samostatné výstavy</strong><br />
3.–23.3.2009 &#8211; Barvy (Colors), VKH Brno<br />
27.–28. 5. 2016 &#8211; Prodejní výstava obrazů Pepy Vaníčka, Kulturní dům Na Rybníčku 43,Opava<br />
10.11.–5.12.2019 &#8211; Výstava obrazů z Bretaně, Ateliér PV, Liberec<br />
6.–29.10.2020 &#8211; Výstava malovaných map a obrazů z plenéru v Českém středohoří, Krajská vědecká knihovna, Liberec<br />
15.5.2021–1.10.2021 &#8211; Výstava akvarelů z Jizerských hor, Muzeum Jizerských hor, Jizerka, Galerie Montana<br />
13.11.2021 &#8211; Výstava obrazů z plenéru v Ploukonicích, Ateliér PV, Liberec<br />
10.6.2021–12.6.2022 – Výstava tisků „Straky“, Sál pod Kaplí Vzkříšení, Vratislavice<br />
12.11.2022 &#8211; Výstava obrázků z Českého středohoří, Ateliér PV, Liberec</p>
<p><strong>Společné výstavy</strong><br />
25.5.2013 &#8211; 15 Sloupů, Ateliér F66, Stráž nad Nisou<br />
27.9.2014 &#8211; 15 Sloupů, Ateliér F66, Stráž nad Nisou<br />
10.10.2015 &#8211; 15 Sloupů, Ateliér F66, Stráž nad Nisou<br />
8.10.2016 &#8211; 15 Sloupů, Ateliér F66, Stráž nad Nisou<br />
4.–30.1.2017 – Skupina „Deset“, výstavní síň vestibulu KÚ Liberec<br />
3.7.–30.8.2019 – Výstava plenéru, Výstavní síň U Kostela a Galerie Pod Věží, Bílina<br />
5.10.2019 &#8211; To bude zase Výstava, Argonaut, Liberec<br />
8.11.–11.12.2019 &#8211; Bretaň II, ART café, Galerie Lázně, Liberec<br />
1.–9.11.2019 &#8211; předaukční výstava Nadace Euronisa, Galerie Lázně, Liberec<br />
21.11.2020 &#8211; aukce Nadace Euronisa, Galerie Lázně, Liberec<br />
11.–18.11.2021 – předaukční výstava Nadace Euronisa, Galerie Lázně, Liberec<br />
10.–17.11.2022 &#8211; předaukční výstava Nadace Euronisa, Galerie Lázně, Liberec<br />
30.6.–28.8.2022 – Výstava plenéru, Galerie Pod Věží, Bílina<br />
10.–17.11.2023 &#8211; předaukční výstava Nadace Euronisa, Galerie Lázně, Liberec<br />
8.1.2024 &#8211; Výstava Dialog, Imprese Libereckého kraje, KÚ Liberec<br />
2.–4.6.2023 &#8211; Výstava obrázků z plenéru na Rujáně<br />
7.6.–3.7.2024 &#8211; Výstava obrázků z plenéru u Rýna</p>
<p style="text-align: right;">PharmDr. Pepa Vaníček</p>

<p>Narodil jsem se v únoru 1982. S manželkou a dvěma dětmi žiju v rodném Liberci. Pracuju jako farmaceut, podobně, jako optimalizace farmakoterapie v KNL, mě naplňuje umělecká činnost. Tvořil jsem odmala – stříhání, lepení, kreslení, malování, vyřezávání. Kvůli škole tyhle koníčky musely jít stranou, ale nedlouho před svatbou jsem od své ženy dostal malířský stojan. [&hellip;]</p>
